 2*b**2 - 3*b. Let q be r(x). What is the highest common divisor of 15 and q?
15
Let h be 6*(-5)/((-30)/33). Let q = h - -15. What is the highest common factor of 6 and q?
6
Suppose 2*c = -2*b + 56, -80 = -2*c + 3*b + b. Calculate the highest common factor of 4 and c.
4
Suppose 2*u + 0*u - 5*s - 52 = 0, 2*u - 2*s = 64. Suppose 3*d + 55 = 4*w, 2 - 7 = d. Let g be (-2)/w - 147/(-35). What is the greatest common factor of g and u?
4
Suppose 4 = p + q + 1, p + 5*q + 5 = 0. Suppose -4*s = -2*d - 36, -2*s + p*s - 27 = 2*d. What is the highest common divisor of s and 9?
9
Let w = -184 - 8. Let c = 300 + w. Suppose 48 = 3*h + h. What is the highest common factor of c and h?
12
Let d(o) = -5*o**2. Let g be d(2). Let u be g/(-16)*2*2. Calculate the highest common factor of 5 and u.
5
Let l(j) = j**2 + 8*j + 13. Let o be l(-6). Calculate the greatest common factor of 5 and o.
1
Let w(c) = 2*c**2 - 1. Let k be w(-1). Calculate the greatest common divisor of k and 11.
1
Suppose 4*y = -3*i + 51, -3*y - 3 + 35 = -4*i. Let t(r) = r**3 + 10*r**2 + 4. Let u be t(-8). Calculate the greatest common factor of u and y.
12
Suppose 0*d = -d + 2. Suppose -o = d*o - 255. Calculate the highest common divisor of 17 and o.
17
Let r be (5 - 3)*1 - -1. Suppose 45 = 3*g + 2*i - 81, 0 = r*g + 3*i - 126. Calculate the highest common divisor of g and 63.
21
Let r(d) = d - 1. Let a be r(15). Calculate the greatest common factor of a and 21.
7
Let h be (228/16)/(15/80). What is the greatest common factor of h and 114?
38
Suppose 0 = 2*a - 23 - 13. Suppose -5*y = -y - 8. Calculate the greatest common factor of y and a.
2
Let q(f) = 4*f + 1. Let z(t) = 4*t + 1. Let a(d) = -4*q(d) + 3*z(d). Let w be a(-2). Let s = w - -5. What is the highest common divisor of s and 12?
12
Let m be -4 + 1 - (-4 + 2). Let c be 1*m/3*-3. Let h(d) = -3*d**3 - d**2 + d + 1. Let p be h(-1). What is the greatest common factor of c and p?
1
Suppose 16 = q - 8. Suppose -q = i - 5*i. Suppose -5*r + 7 = -23. What is the greatest common factor of r and i?
6
Let a = 21 + -13. Suppose 39 = 5*d + i, -5*i - 9 = 4*d - 57. Let y = -5 + d. What is the greatest common factor of a and y?
2
Let d(i) = -i**2 + 6*i - 1. Let a be d(4). Suppose -2*k + 3 = -a. Suppose -15 = k*n - 70. What is the highest common divisor of 88 and n?
11
Let o be 50 + (-2 - -1)*2. Let f(p) = -3*p + 3 + 2*p + 3 + 6. Let v be f(6). What is the highest common divisor of o and v?
6
Let g be 30 + 3 + -1*6. Calculate the greatest common factor of 27 and g.
27
Suppose -36 = 5*b - 7*b. Calculate the highest common factor of 18 and b.
18
Let f(s) = -s**3 - 3*s**2 - 4*s - 3. Let x be f(-2). Let u be ((-21)/x)/((-9)/18). Let q be 3*(-56)/(-12) + 0. What is the highest common factor of u and q?
14
Let c be (-178)/(-6) + (-2)/(-6). Let g be (-1)/(-3)*c/1. Suppose 95 = 4*f - 5*l, -3*f - 5*l = f - 145. What is the highest common divisor of f and g?
10
Suppose 0 = -4*v + 2 + 6. Suppose 1 = l - v. Let b be (-10)/(-3) - 1/l. Calculate the highest common divisor of 27 and b.
3
Suppose -9 = 3*b, 0*s - 9 = -s + 2*b. Suppose 7*a - 25 = s*q + 2*a, -25 = -5*q - 5*a. Suppose q*z + 5*z = 30. Calculate the highest common factor of 54 and z.
6
Let o be (-2)/(-4) - (-1)/(-2). Suppose d + 2*k - 13 = o, k = -4*d + 4*k + 63. Let j = 313 + -310. What is the highest common factor of j and d?
3
Suppose 0 = -m + 3*b + 103, m + 0*b - 131 = -4*b. What is the highest common factor of 46 and m?
23
Let c(q) = 2*q + 9. Suppose -6*o + 8*o = 8. Let u be c(o). Calculate the highest common divisor of 102 and u.
17
Let c = -6 - -10. Suppose -c*d = 0, 0*m = 4*m - 2*d - 32. What is the highest common divisor of m and 8?
8
Let v be (-60)/9*3/(-2). Suppose -3*n = 2*n. Suppose n*k - 3*k = -75. Calculate the highest common factor of k and v.
5
Suppose 5*o = -3 - 57. Let v be (o/(-10))/((-3)/(-10)). Calculate the greatest common factor of v and 36.
4
Suppose -4*v - 2*w + 103 = -3*w, -10 = -2*w. Calculate the greatest common divisor of v and 9.
9
Let r = 8 + -6. Suppose -h = r, 0 = 4*c - 2*h - 48 + 12. Suppose -5*f = -5*a - 4*f + 44, 0 = -5*a - 2*f + 32. Calculate the greatest common factor of c and a.
8
Suppose 4*p = -4*p + 48. Calculate the highest common factor of 30 and p.
6
Let h(l) = 11*l - 2. Let o be h(3). Suppose -k - 4*z + o = 0, -3*z = -k - 6*z + 26. What is the greatest common divisor of 11 and k?
11
Suppose 3*j + 3 = 3*r, -3*r - 6*j + 4*j = -18. Let c be 1*88/r - -1. What is the greatest common divisor of 207 and c?
23
Suppose -39 = -4*m + 3*d, -5*d = 3*m + 10 - 3. Suppose i = m*i - 175. Calculate the greatest common factor of i and 7.
7
Let i be (-2644)/(-10) - 1*3/(-5). Calculate the greatest common factor of i and 106.
53
Let o = 81 - 16. Let l = -7 + 12. Let r = 21 + l. Calculate the greatest common factor of o and r.
13
Let n(m) = 6*m + 41. Let v be n(6). What is the highest common factor of v and 11?
11
Let l be 180/27*2/(6/9). What is the greatest common divisor of l and 15?
5
Let a be -4 + 8 + -1 + -1. Calculate the highest common factor of 8 and a.
2
Let y be (-3 - (1 + -2))*(0 + -11). Calculate the greatest common divisor of 33 and y.
11
Suppose 5*m - 60 = -m. Calculate the highest common factor of m and 10.
10
Let y = 23 - 16. What is the greatest common divisor of y and 63?
7
Suppose 0 = -7*k + 97 + 15. Suppose u = 5*z + 9, 5*u - 2*u - k = 4*z. Calculate the greatest common divisor of u and 1.
1
Let b(f) be the first derivative of -3*f - 2 + 0 + 0 + 2*f**2. Let t be b(2). Calculate the greatest common divisor of 2 and t.
1
Let m(q) = 21*q**2 - 5*q + 7. Let l be m(2). Let w = -14 + 23. Calculate the greatest common factor of l and w.
9
Let g(t) = t**3 + 3*t**2 - 8*t - 5. Let p be g(-6). Suppose -o + 0*o + 4 = 0, 2*m = 3*o + 238. Let l = p + m. Calculate the greatest common factor of l and 20.
20
Let s be (-249)/(-9) - (-4)/(-6). What is the highest common factor of s and 9?
9
Let a = 5 + 1. Suppose 0 = -5*x + 11 + 9, -x = -5*z + a. Suppose 4*j = z*q - 1 + 135, -2*q = 4*j - 154. Calculate the greatest common factor of 9 and j.
9
Let s be (-2)/5 + (-902)/(-55). What is the highest common divisor of s and 4?
4
Suppose -7*q = -5*q - 290. What is the greatest common factor of 29 and q?
29
Suppose -i + 22 = 3*d, -d + 0*d = -i + 6. Calculate the highest common factor of i and 10.
10
Let a be (-1*2)/((-10)/160). What is the greatest common factor of a and 80?
16
Suppose -11 - 1 = -4*i. Suppose 5*c - b - 350 = 0, 2*b + 210 = i*c - 3*b. What is the greatest common factor of c and 14?
14
Let k(x) = x**3 - 3*x**2 + 3*x. Let b be k(3). Calculate the highest common divisor of b and 72.
9
Let r be 9 - ((1 - 0) + -2). Calculate the highest common divisor of r and 15.
5
Suppose -4*y = -5*y + 44. What is the highest common factor of 11 and y?
11
Let i be 8/(-28) + 60/14. Suppose 3 - 12 = -i*w + y, -4*y - 25 = -5*w. Let o be (-16 + w)/((-12)/8). Calculate the highest common factor of o and 90.
10
Suppose 0*c + 4*c = 3*t - 9, -5*t - 55 = 5*c. Let y be (3/c)/(3/(-6)). What is the greatest common factor of 7 and y?
1
Let f(a) = -a**2 + 15*a + 14. Let w be f(10). Calculate the highest common factor of w and 8.
8
Suppose k - 4*k - 18 = 0. Let b be (-1 + 0)/(k/12). What is the greatest common divisor of 2 and b?
2
Let a be -4*(-1 + 1/(-2)). Let p be 13 - -6*(-3)/6. Suppose 3*q + 2 = -2*t, q = 4*q + 4*t + p. What is the greatest common divisor of a and q?
2
Let u be (0/(-2))/2 + 43. Calculate the greatest common divisor of u and 129.
43
Suppose 3*x = 4*t + 90, -5*x + 0*x + 5*t = -145. Suppose -52 = -4*i - 0*i. What is the highest common factor of x and i?
13
Suppose -2*s + 30 - 16 = 0. Let f be ((-6)/s)/((-3)/42). What is the highest common divisor of 12 and f?
12
Suppose 0*p = 4*p - 24. Let r = 9 - 1. Let x(c) = 7*c - 2. Let i be x(r). What is the highest common divisor of p and i?
6
Let h(v) = -v**2 + 7*v + 5. Let i be h(7). Suppose -3*r = -5*y + 2*r + 140, -y + 44 = -i*r. What is the greatest common divisor of 6 and y?
6
Let g be 3/4*128*1. Calculate the greatest common factor of 12 and g.
12
Let s(r) = -19*r - 6. Let h be s(-9). Let n be 2/8 + h/12. Calculate the greatest common factor of 56 and n.
14
Let w(g) = g**3 - 17*g**2 + 44*g - 24. Let q be w(14). Let p(f) = -f**3 - 5*f**2 - f + 5. Let